{"id":342,"date":"2023-04-20T17:22:48","date_gmt":"2023-04-20T15:22:48","guid":{"rendered":"http:\/\/fj2h.fr\/wordpress\/?page_id=342"},"modified":"2025-12-13T11:00:38","modified_gmt":"2025-12-13T10:00:38","slug":"bilan-de-competences","status":"publish","type":"page","link":"https:\/\/fj2h.fr\/wordpress\/bilan-de-competences\/","title":{"rendered":"Bilan de comp\u00e9tences"},"content":{"rendered":"<h2>Et s\u2019il \u00e9tait temps de repenser votre carri\u00e8re ?<\/h2>\n<p><strong>Le bilan de comp\u00e9tences a pour objectif<\/strong> de permettre d\u2019identifier ses aspirations (ses valeurs, ses besoins, sa personnalit\u00e9) et d\u2019analyser ses comp\u00e9tences afin de d\u00e9finir un projet professionnel.<\/p>\n<p>Ce projet professionnel doit permettre d\u2019am\u00e9liorer son niveau de satisfaction au travail, mais aussi de d\u00e9velopper son employabilit\u00e9 et de s\u00e9curiser son parcours. Il s\u2019accompagne d\u2019un plan d\u2019actions permettant de le mettre en \u0153uvre.<\/p>\n<p>Le bilan de comp\u00e9tences est une projection vers l\u2019avenir. Il vise \u00e9galement \u00e0 d\u00e9velopper des aptitudes, \u00e0 s\u2019orienter et \u00e0 piloter sa carri\u00e8re de fa\u00e7on autonome.<\/p>\n<h2>Tout savoir sur le bilan de comp\u00e9tences<\/h2>\n<p>Encadr\u00e9 par la loi, le bilan de comp\u00e9tences doit r\u00e9pondre \u00e0 des r\u00e8gles d\u00e9finies : <strong>le Code du travail<\/strong> pr\u00e9cise que \u00ab les actions permettant de r\u00e9aliser un bilan de comp\u00e9tences ont pour objet de permettre \u00e0 des travailleurs d\u2019analyser leurs comp\u00e9tences professionnelles et personnelles ainsi que leurs aptitudes et leurs motivations afin de d\u00e9finir un projet professionnel et, le cas \u00e9ch\u00e9ant, un projet de formation \u00bb (articles L.6313-4 et R.6313-4).<\/p>\n<p>Ainsi, le bilan de comp\u00e9tences a pour but de dessiner le profil du b\u00e9n\u00e9ficiaire sur le plan professionnel afin de mieux connaitre ses points forts.<\/p>\n<p>La dur\u00e9e de la prestation est de 24 heures maximum \u00e9tal\u00e9e sur plusieurs semaines ou plusieurs mois.<\/p>\n<p>Un bilan de comp\u00e9tences peut \u00eatre r\u00e9alis\u00e9 partiellement ou totalement \u00e0 distance.<\/p>\n<h2>COMP\u00c9TENCES VIS\u00c9ES<\/h2>\n<h3>1. Capacit\u00e9 \u00e0 prendre des d\u00e9cisions<\/h3>\n<p>Le bilan de comp\u00e9tences vise \u00e0 d\u00e9velopper la capacit\u00e9 \u00e0 prendre des d\u00e9cisions quant \u00e0 l\u2019orientation de sa carri\u00e8re professionnelle sur la base d\u2019une meilleure connaissance de soi (ses valeurs, ses besoins, sa personnalit\u00e9) et d\u2019une meilleure connaissance de ses comp\u00e9tences (ses ressources, ses savoirs et ses savoir-faire, sa valeur ajout\u00e9e).<\/p>\n<h3>2. Capacit\u00e9 \u00e0 analyser le march\u00e9 de l\u2019emploi<\/h3>\n<p>La capacit\u00e9 \u00e0 analyser le march\u00e9 de l\u2019emploi, \u00e0 d\u00e9tecter les comp\u00e9tences recherch\u00e9es par les employeurs, \u00e0 identifier des dispositifs pour se former est \u00e9galement d\u00e9velopp\u00e9e dans le cadre du bilan de comp\u00e9tences.<\/p>\n<h2>PUBLICS VIS\u00c9S ET PR\u00c9-REQUIS<\/h2>\n<p>Le bilan de comp\u00e9tences s\u2019adresse \u00e0 tous les publics. Il n\u2019y a pas de pr\u00e9-requis.<\/p>\n<p>Une bonne compr\u00e9hension de la langue fran\u00e7aise est n\u00e9cessaire pour utiliser les supports de formation, r\u00e9pondre aux questionnaires et r\u00e9aliser les tests. Dans le cas o\u00f9 le(a) b\u00e9n\u00e9ficiaire ne ma\u00eetriserait pas parfaitement la langue fran\u00e7aise, un test de fran\u00e7ais pourra \u00eatre propos\u00e9 de fa\u00e7on \u00e0 adapter la m\u00e9thode d\u2019accompagnement et le d\u00e9roulement de la prestation.<\/p>\n<h2>COMMENT SE DEROULE UN BILAN DE COMPETENCES :<\/h2>\n<p>Le bilan de comp\u00e9tences est organis\u00e9 en trois phases cons\u00e9cutives, au terme desquelles une synth\u00e8se \u00e9crite des r\u00e9sultats vous est remise.<\/p>\n<h3>1. La phase pr\u00e9liminaire qui permet :<\/h3>\n<ul>\n<li>d\u2019analyser votre demande et vos besoins ;<\/li>\n<li>de d\u00e9terminer le format le plus adapt\u00e9 \u00e0 votre situation et \u00e0 vos besoins ;<\/li>\n<li>de d\u00e9finir conjointement les modalit\u00e9s de d\u00e9roulement du bilan.<\/li>\n<\/ul>\n<h3>2. La phase d\u2019investigation qui permet :<\/h3>\n<ul>\n<li>de construire votre projet professionnel et d\u2019en v\u00e9rifier la pertinence ;<\/li>\n<li>Ou bien d\u2019\u00e9laborer une ou des alternatives pour votre projet futur.<\/li>\n<\/ul>\n<h3>3. La phase de conclusions :<\/h3>\n<p>\u00c0 partir d\u2019entretiens personnalis\u00e9s, elle vous permet :<\/p>\n<ul>\n<li>de vous approprier les r\u00e9sultats d\u00e9taill\u00e9s de la phase d\u2019investigation ;<\/li>\n<li>de recenser les conditions et moyens qui favoriseront la r\u00e9alisation de votre projet professionnel ;<\/li>\n<li>de pr\u00e9voir les principales modalit\u00e9s et \u00e9tapes de votre projet professionnel.<\/li>\n<\/ul>\n<h4>Et apr\u00e8s ?<\/h4>\n<p>Vous recevrez une restitution des r\u00e9sultats de votre bilan de comp\u00e9tences via un document de synth\u00e8se d\u00e9taill\u00e9e dont vous serez le seul destinataire.<\/p>\n<p><strong>Au terme de ce bilan<\/strong>, vous serez en mesure d\u2019identifier vos comp\u00e9tences professionnelles et personnelles \u00e0 mobiliser dans des situations professionnelles pr\u00e9cises. Gr\u00e2ce \u00e0 ce travail, vous pourrez d\u00e9finir ou confirmer votre projet professionnel !<\/p>\n<p>En r\u00e9sum\u00e9, un bilan de comp\u00e9tences vous permet :<\/p>\n<ul>\n<li>d\u2019explorer et valoriser vos comp\u00e9tences personnelles et professionnelles, vos aptitudes et vos motivations ;<\/li>\n<li>de d\u00e9finir votre projet professionnel, et le cas \u00e9ch\u00e9ant, un projet de formation ;<\/li>\n<li>d\u2019utiliser vos atouts comme un instrument de n\u00e9gociation pour un emploi, une formation ou une \u00e9volution de carri\u00e8re.<\/li>\n<\/ul>\n<h4>Suivi \u00e0 6 mois :<\/h4>\n<p>Six mois apr\u00e8s la remise de la synth\u00e8se, je reprends contact avec vous pour faire un point sur votre projet au cours d\u2019un entretien (physique ou t\u00e9l\u00e9phonique).<\/p>\n<h2>MOYENS P\u00c9DAGOGIQUES &amp; M\u00c9THODES :<\/h2>\n<p>Durant le bilan plusieurs ressources vous seront propos\u00e9es :<\/p>\n<ul style=\"list-style-type: '\u2713';\">\n<li><strong>Tests sp\u00e9cialis\u00e9s :<\/strong>Test de personnalit\u00e9, test d\u2019\u00e9valuation des comp\u00e9tences, test de cr\u00e9ateur d\u2019entreprise, selon les cas .<\/li>\n<\/ul>\n<ul style=\"list-style-type: '\u2713';\">\n<li><strong>Questionnaires d\u2019auto\u00e9valuation<\/strong><\/li>\n<\/ul>\n<ul style=\"list-style-type: '\u2713';\">\n<li><strong>Apports de connaissances : <\/strong>March\u00e9 de l\u2019emploi, connaissance des m\u00e9tiers et des formations, outils pour vous aider dans votre recherche d\u2019emploi.<\/li>\n<\/ul>\n<ul style=\"list-style-type: '\u2713';\">\n<li><strong>Enqu\u00eates-m\u00e9tiers : <\/strong>Ces enqu\u00eates ont pour objectif de rencontrer des professionnels des secteurs et\/ou des m\u00e9tiers envisag\u00e9s.<\/li>\n<\/ul>\n<ul style=\"list-style-type: '\u2713';\">\n<li><strong>Le livret de suivi du bilan : <\/strong>Remis \u00e0 l\u2019issue de la premi\u00e8re s\u00e9ance, il rythme le d\u00e9roulement du bilan de comp\u00e9tences<\/li>\n<\/ul>\n<ul style=\"list-style-type: '\u2713';\">\n<li><strong>Exercices de mise en situation : <\/strong>Seul(e) ou en face \u00e0 face, pour vous permettre de vous situer, de vous positionner et de poser des actions concr\u00e8tes.<\/li>\n<\/ul>\n<h2>PERSONNES EN SITUATION DE HANDICAP<\/h2>\n<p>Le bilan de comp\u00e9tences est ouvert \u00e0 tout public et toutes les situations de handicap seront prises en compte dans la limite des comp\u00e9tences, des moyens humains et mat\u00e9riels propos\u00e9s dans le cadre de la formation dispens\u00e9e.<\/p>\n<p>Si FJ2H ne dispose pas des moyens pouvant r\u00e9pondre \u00e0 votre demande alors vous serez r\u00e9orient\u00e9 soit vers le r\u00e9f\u00e9rent handicap Agefip soit vers un organisme handicap du r\u00e9seau FJ2H.<\/p>\n<h2>MODALIT\u00c9S \/ D\u00c9LAIS D&rsquo;ACC\u00c8S \/ COUT<\/h2>\n<p>Le bilan peut se faire en pr\u00e9sentiel sur Annecy ou en distanciel par visio conf\u00e9rence.<\/p>\n<p>Toute demande de prestation s\u2019accompagne de la transmission d\u2019un devis personnalis\u00e9 pr\u00e9cisant le montant de la prestation, ainsi que ses dates de r\u00e9alisation. A titre indicatif le co\u00fbt du bilan de comp\u00e9tences varie en fonction de l\u2019option propos\u00e9e :\u00a0 1 885 \u20ac ou 2 200 \u20ac.<\/p>\n<p>En pratique, si vous envisagez de r\u00e9aliser votre bilan de comp\u00e9tences en <strong>utilisant votre CPF,<\/strong> vous devrez contribuer financi\u00e8rement au co\u00fbt, m\u00eame si le solde de votre compte est sup\u00e9rieur au co\u00fbt de la formation. Ce <strong>reste \u00e0 charge est \u00e9tabli \u00e0 102,23 \u20ac,<\/strong> ind\u00e9pendamment du co\u00fbt et de la dur\u00e9e de la formation.<\/p>\n<p>Exceptions\u00a0 :<\/p>\n<ul>\n<li><strong>Si vous \u00eates en recherche d\u2019emploi<\/strong>, aucun reste \u00e0 charge ne vous sera appliqu\u00e9, \u00e0 condition que le solde de votre CPF soit ad\u00e9quat, ou que France Travail participe au financement de la formation.<\/li>\n<li>Il en est de m\u00eame\u00a0<strong>pour ceux qui b\u00e9n\u00e9ficient d\u2019un compl\u00e9ment de financement<\/strong> (employeur, branche professionnelle, OPCO, etc.). Le montant de <strong>102,23\u00a0\u20ac<\/strong> est valable<strong> pour l\u2019ann\u00e9e 2025<\/strong>. Il sera ajust\u00e9 annuellement selon l\u2019indice des prix \u00e0 la consommation.<\/li>\n<\/ul>\n<p>Apr\u00e8s validation de la pertinence du bilan de comp\u00e9tence lors de l&rsquo;entretien pr\u00e9liminaire (totalement gratuit), le devis est transmis sous format \u00e9lectronique par email. La prestation, apr\u00e8s acceptation du devis et signature du contrat ou de la convention de formation, peut d\u00e9marrer en respectant un d\u00e9lai minimum de 14 jours calendaires.<\/p>\n<p>Vous trouverez la <a href=\"https:\/\/fj2h.fr\/wordpress\/wp-content\/uploads\/2025\/12\/plaquette-presentation-bilan-Rev4.pdf\">plaquette pr\u00e9sentation bilan010924<\/a>\u00a0qui vous permet d\u2019avoir l\u2019ensemble des informations relatives au bilan de comp\u00e9tences tant dans son d\u00e9roul\u00e9 que dans son objectif et ses modalit\u00e9s de mise en place.<\/p>\n<p style=\"text-align: center;\"><strong>Le Bilan de Comp\u00e9tences : <\/strong><\/p>\n<p style=\"text-align: center;\"><strong>Un vrai tremplin pour votre carri\u00e8re !<\/strong><\/p>\n<p>N&rsquo;h\u00e9sitez pas \u00e0 me contacter pour un entretien pr\u00e9alable gratuit.<\/p>\n<ul>\n<li><em>Satisfaction des stagiaires : 4,96\/5<\/em><\/li>\n<li><em>100 % des stagiaires recommanderaient les bilans de comp\u00e9tences FJ2H<\/em><\/li>\n<\/ul>\n<p><em>*<strong> Organisme enregistr\u00e9 sous le num\u00e9ro d&rsquo;activit\u00e9 : 84740443074. <\/strong><\/em><em><strong>Cet enregistrement ne vaut pas agr\u00e9ment de l&rsquo;\u00e9tat.<\/strong><\/em><\/p>\n<p>Certification Qualiopi n\u00b030741692-1 du 25.04.2023<\/p>\n<p>Voir le certificat: <a href=\"https:\/\/certifopac.fr\/qualiopi\/certification\/verification\/?siren=801609173\">https:\/\/certifopac.fr\/qualiopi\/certification\/verification\/?siren=801609173<\/a><\/p>\n<p><img loading=\"lazy\" decoding=\"async\" class=\"alignnone size-medium wp-image-365\" src=\"https:\/\/fj2h.fr\/wordpress\/wp-content\/uploads\/2023\/07\/2-Qualiopi-Certifopac-CBC-1024x534-1-300x156.jpg\" alt=\"\" width=\"300\" height=\"156\" srcset=\"https:\/\/fj2h.fr\/wordpress\/wp-content\/uploads\/2023\/07\/2-Qualiopi-Certifopac-CBC-1024x534-1-300x156.jpg 300w, https:\/\/fj2h.fr\/wordpress\/wp-content\/uploads\/2023\/07\/2-Qualiopi-Certifopac-CBC-1024x534-1-768x401.jpg 768w, https:\/\/fj2h.fr\/wordpress\/wp-content\/uploads\/2023\/07\/2-Qualiopi-Certifopac-CBC-1024x534-1.jpg 1024w\" sizes=\"auto, (max-width: 300px) 100vw, 300px\" \/><img loading=\"lazy\" decoding=\"async\" class=\"alignnone wp-image-371\" src=\"https:\/\/fj2h.fr\/wordpress\/wp-content\/uploads\/2023\/08\/offre_eligible_mcf_CPF_carre_fond_blanc_RVB-300x300.png\" alt=\"\" width=\"162\" height=\"162\" srcset=\"https:\/\/fj2h.fr\/wordpress\/wp-content\/uploads\/2023\/08\/offre_eligible_mcf_CPF_carre_fond_blanc_RVB-300x300.png 300w, https:\/\/fj2h.fr\/wordpress\/wp-content\/uploads\/2023\/08\/offre_eligible_mcf_CPF_carre_fond_blanc_RVB-150x150.png 150w, https:\/\/fj2h.fr\/wordpress\/wp-content\/uploads\/2023\/08\/offre_eligible_mcf_CPF_carre_fond_blanc_RVB-100x100.png 100w, https:\/\/fj2h.fr\/wordpress\/wp-content\/uploads\/2023\/08\/offre_eligible_mcf_CPF_carre_fond_blanc_RVB.png 532w\" sizes=\"auto, (max-width: 162px) 100vw, 162px\" \/><\/p>\n","protected":false},"excerpt":{"rendered":"<p>Et s\u2019il \u00e9tait temps de repenser votre carri\u00e8re ? Le bilan de comp\u00e9tences a pour objectif de permettre d\u2019identifier ses aspirations (ses valeurs, ses besoins, sa personnalit\u00e9) et d\u2019analyser ses comp\u00e9tences afin de d\u00e9finir un projet professionnel. Ce projet professionnel doit permettre d\u2019am\u00e9liorer son niveau de satisfaction au travail, mais aussi de d\u00e9velopper son employabilit\u00e9 &hellip; <\/p>\n<p class=\"link-more\"><a href=\"https:\/\/fj2h.fr\/wordpress\/bilan-de-competences\/\" class=\"more-link\">Continuer la lecture<span class=\"screen-reader-text\"> de &laquo;&nbsp;Bilan de comp\u00e9tences&nbsp;&raquo;<\/span><\/a><\/p>\n","protected":false},"author":1,"featured_media":0,"parent":0,"menu_order":0,"comment_status":"closed","ping_status":"closed","template":"","meta":{"footnotes":""},"class_list":["post-342","page","type-page","status-publish","hentry"],"_links":{"self":[{"href":"https:\/\/fj2h.fr\/wordpress\/wp-json\/wp\/v2\/pages\/342","targetHints":{"allow":["GET"]}}],"collection":[{"href":"https:\/\/fj2h.fr\/wordpress\/wp-json\/wp\/v2\/pages"}],"about":[{"href":"https:\/\/fj2h.fr\/wordpress\/wp-json\/wp\/v2\/types\/page"}],"author":[{"embeddable":true,"href":"https:\/\/fj2h.fr\/wordpress\/wp-json\/wp\/v2\/users\/1"}],"replies":[{"embeddable":true,"href":"https:\/\/fj2h.fr\/wordpress\/wp-json\/wp\/v2\/comments?post=342"}],"version-history":[{"count":25,"href":"https:\/\/fj2h.fr\/wordpress\/wp-json\/wp\/v2\/pages\/342\/revisions"}],"predecessor-version":[{"id":491,"href":"https:\/\/fj2h.fr\/wordpress\/wp-json\/wp\/v2\/pages\/342\/revisions\/491"}],"wp:attachment":[{"href":"https:\/\/fj2h.fr\/wordpress\/wp-json\/wp\/v2\/media?parent=342"}],"curies":[{"name":"wp","href":"https:\/\/api.w.org\/{rel}","templated":true}]}}